ase 6) to base 10
4
Convert 32 (base 7) to base 9.
25
Convert 13 (base 15) to base 14.
14
-c (base 13) to base 10
-12
Convert 3 (base 16) to base 10.
3
What is 10 (base 9) in base 4?
21
Convert -11 (base 7) to base 14.
-8
Convert -10 (base 2) to base 3.
-2
-27 (base 9) to base 6
-41
-3 (base 14) to base 5
-3
655 (base 7) to base 13
1c9
Convert 3 (base 12) to base 2.
11
What is -17 (base 12) in base 4?
-103
-11 (base 5) to base 15
-6
Convert -3 (base 4) to base 9.
-3
Convert 4 (base 7) to base 13.
4
Convert -28 (base 13) to base 4.
-202
-2 (base 12) to base 14
-2
What is 1011 (base 3) in base 16?
1f
What is -4 (base 6) in base 3?
-11
-6 (base 15) to base 10
-6
What is -10011 (base 2) in base 16?
-13
Convert 0 (base 7) to base 6.
0
Convert 256 (base 8) to base 16.
ae
Convert -7 (base 12) to base 2.
-111
Convert 122 (base 3) to base 12.
15
What is -2 (base 4) in base 5?
-2
-41 (base 5) to base 6
-33
What is -3 (base 6) in base 5?
-3
What is 1 (base 16) in base 9?
1
Convert 0 (base 2) to base 12.
0
-110 (base 5) to base 12
-26
What is -12 (base 10) in base 12?
-10
Convert -4 (base 8) to base 4.
-10
-8 (base 15) to base 7
-11
Convert 5 (base 11) to base 5.
10
-26 (base 10) to base 14
-1c
Convert -3 (base 14) to base 15.
-3
Convert -4 (base 6) to base 3.
-11
Convert -3 (base 7) to base 6.
-3
-57 (base 11) to base 4
-332
Convert 24 (base 5) to base 16.
e
What is -134 (base 8) in base 2?
-1011100
What is 2 (base 7) in base 12?
2
What is -53 (base 13) in base 2?
-1000100
Convert 0 (base 4) to base 3.
0
Convert -443 (base 6) to base 14.
-c3
2 (base 16) to base 14
2
44 (base 7) to base 5
112
216 (base 11) to base 12
197
178 (base 13) to base 6
1124
Convert -23 (base 4) to base 2.
-1011
Convert -3 (base 12) to base 3.
-10
11 (base 4) to base 14
5
What is -5 (base 6) in base 11?
-5
-9 (base 16) to base 12
-9
What is 12 (base 12) in base 10?
14
Convert -3 (base 5) to base 13.
-3
What is -22 (base 3) in base 5?
-13
Convert 11000 (base 2) to base 7.
33
What is -48 (base 11) in base 10?
-52
What is -12 (base 3) in base 13?
-5
1 (base 12) to base 11
1
11 (base 10) to base 14
b
120 (base 3) to base 8
17
Convert -2 (base 6) to base 8.
-2
124 (base 8) to base 2
1010100
-6 (base 14) to base 6
-10
Convert -1 (base 15) to base 10.
-1
Convert -10 (base 14) to base 5.
-24
Convert 0 (base 11) to base 14.
0
21 (base 9) to base 3
201
What is -44 (base 9) in base 12?
-34
-3 (base 7) to base 5
-3
What is 113 (base 4) in base 11?
21
-100022 (base 3) to base 8
-373
What is -3 (base 15) in base 9?
-3
What is 0 (base 15) in base 13?
0
What is -17a (base 13) in base 14?
-154
What is 8 (base 14) in base 9?
8
Convert -25 (base 7) to base 5.
-34
What is 301 (base 7) in base 15?
9d
What is -4 (base 10) in base 11?
-4
What is -5 (base 7) in base 15?
-5
Convert b (base 13) to base 5.
21
-5 (base 14) to base 9
-5
Convert 77 (base 11) to base 14.
60
10 (base 4) to base 5
4
What is 0 (base 11) in base 12?
0
Convert -65 (base 8) to base 2.
-110101
-64 (base 8) to base 7
-103
-2 (base 7) to base 5
-2
Convert 71 (base 16) to base 11.
a3
-15 (base 10) to base 6
-23
56 (base 10) to base 9
62
-4 (base 6) to base 3
-11
What is 240 (base 13) in base 9?
473
Convert -2 (base 16) to base 7.
-2
What is -110 (base 3) in base 2?
-1100
What is -11 (base 7) in base 16?
-8
What is -1003 (base 4) in base 7?
-124
2 (base 11) to base 15
2
What is 5 (base 7) in base 11?
5
Convert 34 (base 15) to base 14.
37
What is -10011 (base 2) in base 12?
-17
Convert -8 (base 12) to base 9.
-8
What is -16 (base 14) in base 13?
-17
What is 59 (base 14) in base 6?
211
Convert -1 (base 5) to base 12.
-1
Convert 33 (base 7) to base 4.
120
What is 49 (base 11) in base 14?
3b
10 (base 6) to base 2
110
Convert 1000 (base 2) to base 5.
13
What is 28 (base 10) in base 3?
1001
What is a (base 12) in base 9?
11
What is -3 (base 10) in base 11?
-3
What is -15c (base 13) in base 3?
-100010
-2c (base 14) to base 12
-34
Convert 52 (base 6) to base 2.
100000
What is 11 (base 3) in base 4?
10
What is 2 (base 5) in base 15?
2
9 (base 11) to base 3
100
Convert -2 (base 16) to base 6.
-2
-100001 (base 2) to base 14
-25
Convert -9 (base 14) to base 4.
-21
Convert 12 (base 13) to base 5.
30
What is -2 (base 6) in base 4?
-2
What is 27 (base 8) in base 7?
32
2 (base 6) to base 2
10
Convert 10 (base 10) to base 3.
101
Convert 0 (base 9) to base 5.
0
-14 (base 5) to base 10
-9
What is 1 (base 12) in base 8?
1
-37 (base 10) to base 6
-101
-213 (base 4) to base 5
-124
Convert 4 (base 14) to base 3.
11
Convert 41 (base 12) to base 6.
121
2 (base 13) to base 8
2
What is -10011 (base 2) in base 14?
-15
-2 (base 5) to base 11
-2
12 (base 7) to base 2
1001
What is 101 (base 2) in base 8?
5
Convert -1012 (base 4) to base 3.
-2121
Convert 11 (base 3) to base 5.
4
What is 46 (base 15) in base 11?
60
18 (base 9) to base 13
14
-3 (base 4) to base 8
-3
What is 443 (base 5) in base 12?
a3
What is 79 (base 16) in base 15?
81
4 (base 15) to base 14
4
What is -33 (base 15) in base 9?
-53
Convert -3 (base 13) to base 4.
-3
What is 8 (base 14) in base 2?
1000
What is 5b (base 13) in base 8?
114
-23 (base 9) to base 11
-1a
Convert -4 (base 13) to base 5.
-4
Convert 23 (base 9) to base 5.
41
Convert 0 (base 13) to base 9.
0
1 (base 16) to base 9
1
Convert 10 (base 13) to base 16.
d
Convert 23 (base 10) to base 11.
21
a (base 15) to base 13
a
What is 50 (base 10) in base 15?
35
Convert -13 (base 8) to base 2.
-1011
What is 101 (base 2) in base 11?
5
10110 (base 2) to base 15
17
-20 (base 11) to base 14
-18
-10 (base 3) to base 15
-3
-11 (base 2) to base 14
-3
What is -1212 (base 3) in base 4?
-302
Convert -16 (base 7) to base 3.
-111
0 (base 13) to base 4
0
Convert 7 (base 16) to base 12.
7
What is -12a (base 13) in base 3?
-21121
-7 (base 11) to base 5
-12
-1011 (base 2) to base 9
-12
What is 10 (base 3) in base 6?
3
What is 13 (base 6) in base 7?
12
What is -3 (base 14) in base 13?
-3
Convert 16 (base 15) to base 3.
210
Convert -35 (base 10) to base 16.
-23
Convert -1223 (base 6) to base 5.
-2203
-5 (base 8) to base 7
-5
What is -12 (base 12) in base 9?
-15
What is 3 (base 13) in base 3?
10
52 (base 6) to base 7
44
56 (base 10) to base 14
40
Convert -103 (base 5) to base 4.
-130
What is -2 (base 11) in base 10?
-2
Convert 122 (base 4) to base 3.
222
What is 42 (base 12) in base 2?
110010
2 (base 13) to base 6
2
1 (base 6) to base 2
1
-8a (base 13) to base 7
-222
What is 50 (base 8) in base 5?
130
Convert -23 (base 4) to base 7.
-14
What is 4 (base 7) in base 2?
100
What is 3 (base 5) in base 16?
3
a (base 13) to base 11
a
12 (base 3) to base 7
5
-1 (base 11) to base 14
-1
Convert -4 (base 5) to base 12.
-4
Convert -19 (base 15) to base 5.
-44
-112 (base 6) to base 2
-101100
What is -50 (base 7) in base 15?
-25
17 (base 9) to base 3
121
1e (base 16) to base 9
33
Convert 340 (base 8) to base 6.
1012
What is -143 (base 5) in base 12?
-40
Convert -16 (base 7) to base 12.
-11
Convert -2 (base 8) to base 11.
-2
250 (base 9) to base 4
3033
Convert 2231 (base 4) to base 14.
c5
What is -10 (base 15) in base 8?
-17
What is 12 (base 8) in base 7?
13
What is 0 (base 8) in base 13?
0
What is 32 (base 10) in base 12?
28
What is -1 (base 7) in base 6?
-1
What is c5 (base 14) in base 11?
148
What is 213 (base 4) in base 15?
29
What is 31 (base 7) in base 16?
16
What is -26 (base 8) in base 6?
-34
-87 (base 11) to base 4
-1133
What is 1 (base 12) in base 9?
1
Convert -2 (base 13) to base 15.
-2
What is 23 (base 8) in base 14?
15
Convert 1 (base 14) to base 11.
1
What is 6 (base 10) in base 7?
6
What is 111 (base 2) in base 10?
7
Convert cb (base 13) to base 5.
1132
35 (base 9) to base 8
40
-90 (base 16) to base 2
-10010000
Convert 324 (base 6) to base 7.
235
-49 (base 16) to base 14
-53
Convert -9 (base 14) to base 6.
-13
What is -72 (base 12) in base 11?
-79
What is e (base 15) in base 7?
20
3 (base 5) to base 12
3
Convert -2 (base 12) to base 4.
-2
What is -10 (base 3) in base 15?
-3
5 (base 10) to base 12
5
Convert 1110 (base 3) to base 15.
29
-1 (base 9) to base 5
-1
4 (base 16) to base 7
4
Convert 35 (base 9) to base 7.
44
10 (base 13) to base 3
111
What is 16 (base 8) in base 15?
e
Convert 1 (base 6) to base 8.
1
What is 1120 (base 3) in base 13?
33
-233 (base 6) to base